s 59713963 prime?
True
Is 44141057 a prime number?
True
Is 659633 composite?
True
Is 58112311 a composite number?
True
Is 57729083 a prime number?
False
Is 20661805 a prime number?
False
Is 93795179 a composite number?
False
Is 12249169 a composite number?
True
Is 53505331 prime?
False
Is 10234127 a composite number?
False
Is 468234749 a composite number?
True
Is 13877059 a composite number?
True
Is 125044097 a prime number?
True
Is 45566491 a prime number?
True
Is 20320277 a prime number?
True
Is 15803339 prime?
False
Is 2890103 a composite number?
False
Is 1537111 prime?
False
Is 32136641 a prime number?
True
Is 45739633 composite?
True
Is 25947881 prime?
True
Is 69907 a composite number?
True
Is 2745599 composite?
True
Is 2848991 a composite number?
True
Is 48905699 composite?
False
Is 2428229 composite?
True
Is 103475023 a composite number?
False
Is 30929557 composite?
False
Is 74963 a prime number?
False
Is 2238053 composite?
False
Is 25056313 a composite number?
False
Is 16298043 prime?
False
Is 37728787 a composite number?
True
Is 6166867 composite?
True
Is 4506807 a composite number?
True
Is 247794593 a prime number?
True
Is 10532749 prime?
True
Is 175787 a prime number?
False
Is 248740541 composite?
True
Is 2867561 composite?
False
Is 130495549 prime?
True
Is 250765507 a prime number?
False
Is 70712617 a composite number?
False
Is 2015231 a composite number?
True
Is 140716061 a prime number?
True
Is 50545303 prime?
True
Is 61918817 prime?
False
Is 66733967 a prime number?
True
Is 612986441 a prime number?
True
Is 333001 a prime number?
False
Is 357870203 a prime number?
True
Is 20898481 a composite number?
False
Is 472790567 a prime number?
False
Is 584377 a composite number?
False
Is 28588099 a composite number?
False
Is 43379407 a composite number?
True
Is 984119 composite?
False
Is 2968261 composite?
False
Is 54627437 prime?
True
Is 5303383 a composite number?
False
Is 9661733 prime?
True
Is 8506963 a prime number?
True
Is 27368347 prime?
True
Is 255016855 a composite number?
True
Is 26115799 a composite number?
True
Is 5651819 a prime number?
False
Is 3009427 prime?
False
Is 31570837 a prime number?
False
Is 1473354917 a composite number?
True
Is 10380599 composite?
True
Is 13365337 a composite number?
False
Is 680527 composite?
True
Is 9244381 composite?
False
Is 1166794547 composite?
False
Is 28339277 composite?
True
Is 13460323 composite?
True
Is 33300811 prime?
False
Is 1411759 a composite number?
False
Is 3010418699 a prime number?
True
Is 42313377 a composite number?
True
Is 184801822 a composite number?
True
Is 163242083 composite?
True
Is 115008181 prime?
True
Is 11642537 a composite number?
False
Is 1341257 a prime number?
True
Is 4319165 prime?
False
Is 4156151 prime?
True
Is 267931 prime?
False
Is 21503617 a prime number?
True
Is 1546423 composite?
False
Is 401173093 a prime number?
True
Is 15559723 a prime number?
True
Is 7659721 composite?
False
Is 2334233 prime?
False
Is 1743191 composite?
True
Is 309800222 a prime number?
False
Is 3958921 prime?
False
Is 1822147 a composite number?
False
Is 2368601 prime?
True
Is 106911845 a composite number?
True
Is 6683297 a prime number?
False
Is 9818443 a composite number?
True
Is 8631895 composite?
True
Is 9056851 composite?
True
Is 76685809 a composite number?
True
Is 1491503291 a composite number?
False
Is 5256737 prime?
True
Is 1814423 a composite number?
True
Is 8432437 composite?
True
Is 2164901 composite?
False
Is 54818017 a composite number?
False
Is 426083 prime?
False
Is 2731738 a prime number?
False
Is 835147 prime?
False
Is 692227 composite?
True
Is 446417 prime?
True
Is 1172181 prime?
False
Is 6905731 composite?
True
Is 40235369 a composite number?
True
Is 1412841 prime?
False
Is 231036371 prime?
False
Is 121148113 composite?
False
Is 2746642 composite?
True
Is 7310959 prime?
True
Is 54529967 composite?
True
Is 19646971 a composite number?
True
Is 33813847 prime?
False
Is 591975437 a prime number?
True
Is 82048141 a composite number?
True
Is 256522577 a prime number?
True
Is 11690321 a prime number?
True
Is 10568897 a prime number?
True
Is 243023071 a prime number?
True
Is 781453 prime?
True
Is 2732623 a composite number?
True
Is 45548383 composite?
False
Is 757978154 composite?
True
Is 124739 prime?
True
Is 8850937 a prime number?
True
Is 487794535 a prime number?
False
Is 204636169 a composite number?
False
Is 11780455 a composite number?
True
Is 8550493 a composite number?
True
Is 3631569 a composite number?
True
Is 93410287 composite?
True
Is 5841947 a prime number?
False
Is 31749199 composite?
False
Is 6624641 a composite number?
False
Is 3197669 a prime number?
True
Is 28474393 composite?
True
Is 40639661 prime?
False
Is 151204043 prime?
False
Is 675391 a prime number?
True
Is 180542713 prime?
False
Is 82745578 composite?
True
Is 50344311 a composite number?
True
Is 494824601 a composite number?
True
Is 3458167 a composite number?
True
Is 104474627 a prime number?
True
Is 157283 a composite number?
True
Is 4049569 a composite number?
False
Is 985381 composite?
True
Is 13919119 a composite number?
False
Is 23175661 composite?
False
Is 1358188109 a prime number?
True
Is 4638991 composite?
True
Is 42145255 composite?
True
Is 22038641 a prime number?
False
Is 7096163 composite?
False
Is 193235563 a composite number?
True
Is 252969358 composite?
True
Is 8054229 prime?
False
Is 48355919 composite?
False
Is 301382474 composite?
True
Is 4642819 prime?
False
Is 9050359 prime?
True
Is 42408677 prime?
True
Is 101107 a composite number?
False
Is 4538785 prime?
False
Is 160909639 a composite number?
True
Is 121884967 a composite number?
True
Is 116874323 a prime number?
True
Is 384988451 composite?
False
Is 1427911279 composite?
True
Is 89132233 prime?
False
Is 246328099 composite?
True
Is 7655093 composite?
True
Is 6315235 composite?
True
Is 11796791 a composite number?
True
Is 95607443 composite?
True
Is 5833163 prime?
False
Is 9460303 a composite number?
False
Is 1780687 composite?
True
Is 11365909 a prime number?
True
Is 2748367 a composite number?
True
Is 585355 prime?
False
Is 77818963 prime?
True
Is 21297421 a composite number?
True
Is 6650821 prime?
True
Is 7387133 a prime number?
False
Is 1688087 a composite number?
True
Is 637653641 a prime number?
False
Is 3134653 a composite number?
True
Is 62345191 a prime number?
True
Is 19575635 a composite number?
True
Is 20025767 a composite number?
False
Is 3663707 prime?
True
Is 205995547 a prime number?
True
Is 6289339 a prime number?
False
Is 6250261 a composite number?
False
Is 2861785 a prime number?
False
Is 129079383 prime?
False
Is 72526613 composite?
True
Is 2166161 a composite number?
False
Is 28865357 a composite number?
True
Is 3694871 prime?
False
Is 9625313 prime?
False
Is 36912479 composite?
True
Is 246427867 composite?
True
Is 6757567 composite?
True
Is 138667 a prime number?
False
Is 2909813 a prime number?
True
Is 5141249 a composite number?
False
Is 180150527 a prime number?
True
Is 271038307 a composite number?
False
Is 424194271 a composite number?
False
Is 707321 a composite number?
False
Is 13942111 composite?
True
Is 15038446 prime?
False
Is 3833147 prime?
False
Is 100366027 composite?
False
Is 195419729 prime?
True
Is 235913 a composite number?
True
Is 19420657 composite?
False
Is 94132999 a prime number?
True
Is 1350641 a composite number?
False
Is 6856403 prime?
True
Is 93513491 a composite number?
False
Is 48151219 a prime number?
False
Is 5623862 a prime number?
False
Is 14258369 a prime number?
True
Is 374929 a composite number?
False
Is 8369818 prime?
False
Is 1956247 prime?
False
Is 11829143 prime?
True
Is 10421251 a composite number?
False
Is 26708147 a composite number?
False
Is 51921151 a composite number?
False
Is 122011213 composite?
False
Is 10442559 prime?
False
Is 3769027 prime?
True
Is 141812777 composite?
True
Is 5441713 a composite number?
False
Is 1650513035 a prime number?
False
Is 4244829 a prime number?
False
Is 12356653 a prime number?
False
Is 15401857 a composite number?
True
Is 108324169 prime?
False
Is 19425421 a composite number?
False
Is 915001 prime?
False
Is 18271697 prime?
False
Is 51217 prime?
True
Is 29197627 a composite number?
False
Is 16374947 prime?
True
